{"id":452,"date":"2024-02-14T15:57:34","date_gmt":"2024-02-14T14:57:34","guid":{"rendered":"https:\/\/www.gentleminds.fr\/?page_id=452"},"modified":"2024-10-08T14:19:41","modified_gmt":"2024-10-08T12:19:41","slug":"associes","status":"publish","type":"page","link":"https:\/\/www.gentleminds.fr\/index.php\/associes\/","title":{"rendered":"Associ\u00e9s"},"content":{"rendered":"\t\t<div data-elementor-type=\"wp-page\" data-elementor-id=\"452\" class=\"elementor elementor-452\" data-elementor-post-type=\"page\">\n\t\t\t\t<div class=\"elementor-element elementor-element-3d8a9b6b e-con-full e-flex e-con e-parent\" data-id=\"3d8a9b6b\" data-element_type=\"container\" data-settings=\"{&quot;background_background&quot;:&quot;classic&quot;}\">\n\t\t<div class=\"elementor-element elementor-element-302f2158 e-flex e-con-boxed e-con e-child\" data-id=\"302f2158\" data-element_type=\"container\">\n\t\t\t\t\t<div class=\"e-con-inner\">\n\t\t<div class=\"elementor-element elementor-element-1a5eb165 e-con-full e-flex e-con e-child\" data-id=\"1a5eb165\" data-element_type=\"container\">\n\t\t\t\t<div class=\"elementor-element elementor-element-1beaa98e elementor-widget__width-initial elementor-widget elementor-widget-heading\" data-id=\"1beaa98e\" data-element_type=\"widget\" data-widget_type=\"heading.default\">\n\t\t\t\t<div class=\"elementor-widget-container\">\n\t\t\t<h2 class=\"elementor-heading-title elementor-size-default\">Gestion des relations entre associ\u00e9s<\/h2>\t\t<\/div>\n\t\t\t\t<\/div>\n\t\t\t\t<div class=\"elementor-element elementor-element-74861080 elementor-widget elementor-widget-text-editor\" data-id=\"74861080\" data-element_type=\"widget\" data-widget_type=\"text-editor.default\">\n\t\t\t\t<div class=\"elementor-widget-container\">\n\t\t\t\t\t\t\t<p>La relation entre associ\u00e9s est au c\u0153ur de la r\u00e9ussite et de la p\u00e9rennit\u00e9 d&rsquo;une entreprise. Multi associ\u00e9s pendant 30 ans, je partage l&rsquo;importance cruciale de cultiver des liens solides et constructifs entre les membres de votre \u00e9quipe dirigeante. C&rsquo;est pourquoi je propose des services sp\u00e9cialis\u00e9s de gestion des relations entre associ\u00e9s, con\u00e7us pour favoriser une communication ouverte, une collaboration harmonieuse et une prise de d\u00e9cision \u00e9clair\u00e9e.<\/p>\t\t\t\t\t\t<\/div>\n\t\t\t\t<\/div>\n\t\t\t\t<\/div>\n\t\t\t\t<div class=\"elementor-element elementor-element-296b151f elementor-widget__width-initial elementor-widget-mobile__width-inherit elementor-widget elementor-widget-image\" data-id=\"296b151f\" data-element_type=\"widget\" data-widget_type=\"image.default\">\n\t\t\t\t<div class=\"elementor-widget-container\">\n\t\t\t\t\t\t\t\t\t\t\t\t\t<img fetchpriority=\"high\" decoding=\"async\" width=\"1024\" height=\"683\" src=\"https:\/\/www.gentleminds.fr\/wp-content\/uploads\/2024\/05\/pexels-olly-37600891-1024x683.jpg\" class=\"attachment-large size-large wp-image-967\" alt=\"gentleminds\" srcset=\"https:\/\/www.gentleminds.fr\/wp-content\/uploads\/2024\/05\/pexels-olly-37600891-1024x683.jpg 1024w, https:\/\/www.gentleminds.fr\/wp-content\/uploads\/2024\/05\/pexels-olly-37600891-300x200.jpg 300w, https:\/\/www.gentleminds.fr\/wp-content\/uploads\/2024\/05\/pexels-olly-37600891-768x512.jpg 768w, https:\/\/www.gentleminds.fr\/wp-content\/uploads\/2024\/05\/pexels-olly-37600891-1536x1024.jpg 1536w, https:\/\/www.gentleminds.fr\/wp-content\/uploads\/2024\/05\/pexels-olly-37600891.jpg 1920w\" sizes=\"(max-width: 1024px) 100vw, 1024px\" \/>\t\t\t\t\t\t\t\t\t\t\t\t\t<\/div>\n\t\t\t\t<\/div>\n\t\t\t\t\t<\/div>\n\t\t\t\t<\/div>\n\t\t\t\t<\/div>\n\t\t<div class=\"elementor-element elementor-element-259cdd27 e-con-full e-flex e-con e-parent\" data-id=\"259cdd27\" data-element_type=\"container\" data-settings=\"{&quot;background_background&quot;:&quot;classic&quot;}\">\n\t\t<div class=\"elementor-element elementor-element-2baa8ac e-con-full e-flex e-con e-child\" data-id=\"2baa8ac\" data-element_type=\"container\">\n\t\t<div class=\"elementor-element elementor-element-4af94510 e-con-full e-flex e-con e-child\" data-id=\"4af94510\" data-element_type=\"container\">\n\t\t\t\t<div class=\"elementor-element elementor-element-110c3e10 animated-slow elementor-widget-divider--view-line elementor-invisible elementor-widget elementor-widget-divider\" data-id=\"110c3e10\" data-element_type=\"widget\" data-settings=\"{&quot;_animation&quot;:&quot;fadeIn&quot;}\" data-widget_type=\"divider.default\">\n\t\t\t\t<div class=\"elementor-widget-container\">\n\t\t\t\t\t<div class=\"elementor-divider\">\n\t\t\t<span class=\"elementor-divider-separator\">\n\t\t\t\t\t\t<\/span>\n\t\t<\/div>\n\t\t\t\t<\/div>\n\t\t\t\t<\/div>\n\t\t\t\t<div class=\"elementor-element elementor-element-768daff2 elementor-invisible elementor-widget elementor-widget-icon-box\" data-id=\"768daff2\" data-element_type=\"widget\" data-settings=\"{&quot;_animation&quot;:&quot;fadeInUp&quot;}\" data-widget_type=\"icon-box.default\">\n\t\t\t\t<div class=\"elementor-widget-container\">\n\t\t\t\t\t<div class=\"elementor-icon-box-wrapper\">\n\n\t\t\t\n\t\t\t\t\t\t<div class=\"elementor-icon-box-content\">\n\n\t\t\t\t\t\t\t\t\t<h4 class=\"elementor-icon-box-title\">\n\t\t\t\t\t\t<span  >\n\t\t\t\t\t\t\tRelations d'associ\u00e9s\t\t\t\t\t\t<\/span>\n\t\t\t\t\t<\/h4>\n\t\t\t\t\n\t\t\t\t\t\t\t\t\t<p class=\"elementor-icon-box-description\">\n\t\t\t\t\t\tLe succ\u00e8s d'une entreprise repose avant tout sur la qualit\u00e9 des relations entre ses associ\u00e9s. \nJe travaille avec vous pour renforcer la confiance, la transparence et le respect mutuel au sein de votre coll\u00e8ge. \nJe propose des sessions de travail collaboratives, des dialogues ouverts et des exercices de renforcement d'\u00e9quipe pour consolider les liens entre les associ\u00e9s et aligner leurs objectifs communs.\nSans oublier l'ambition personnelle.\t\t\t\t\t<\/p>\n\t\t\t\t\n\t\t\t<\/div>\n\t\t\t\n\t\t<\/div>\n\t\t\t\t<\/div>\n\t\t\t\t<\/div>\n\t\t\t\t<\/div>\n\t\t<div class=\"elementor-element elementor-element-46619093 e-con-full e-flex e-con e-child\" data-id=\"46619093\" data-element_type=\"container\">\n\t\t\t\t<div class=\"elementor-element elementor-element-4b127cc9 animated-slow elementor-widget-divider--view-line elementor-invisible elementor-widget elementor-widget-divider\" data-id=\"4b127cc9\" data-element_type=\"widget\" data-settings=\"{&quot;_animation&quot;:&quot;fadeIn&quot;}\" data-widget_type=\"divider.default\">\n\t\t\t\t<div class=\"elementor-widget-container\">\n\t\t\t\t\t<div class=\"elementor-divider\">\n\t\t\t<span class=\"elementor-divider-separator\">\n\t\t\t\t\t\t<\/span>\n\t\t<\/div>\n\t\t\t\t<\/div>\n\t\t\t\t<\/div>\n\t\t\t\t<div class=\"elementor-element elementor-element-7dceb38e elementor-invisible elementor-widget elementor-widget-icon-box\" data-id=\"7dceb38e\" data-element_type=\"widget\" data-settings=\"{&quot;_animation&quot;:&quot;fadeInUp&quot;,&quot;_animation_delay&quot;:&quot;200&quot;}\" data-widget_type=\"icon-box.default\">\n\t\t\t\t<div class=\"elementor-widget-container\">\n\t\t\t\t\t<div class=\"elementor-icon-box-wrapper\">\n\n\t\t\t\n\t\t\t\t\t\t<div class=\"elementor-icon-box-content\">\n\n\t\t\t\t\t\t\t\t\t<h4 class=\"elementor-icon-box-title\">\n\t\t\t\t\t\t<span  >\n\t\t\t\t\t\t\tCommunication efficace\t\t\t\t\t\t<\/span>\n\t\t\t\t\t<\/h4>\n\t\t\t\t\n\t\t\t\t\t\t\t\t\t<p class=\"elementor-icon-box-description\">\n\t\t\t\t\t\tUne communication claire et ouverte est essentielle pour maintenir des relations saines entre associ\u00e9s. Je propose de mettre en place des rites et des rythmes efficaces, adapt\u00e9s \u00e0 vos besoins, votre histoire et vos personnalit\u00e9s. Que ce soit \u00e0 travers des r\u00e9unions r\u00e9guli\u00e8res, des plateformes num\u00e9riques ou des sessions de feedback, je veille \u00e0 ce que chacun ait une voix et se sente entendu au sein du groupe.\t\t\t\t\t<\/p>\n\t\t\t\t\n\t\t\t<\/div>\n\t\t\t\n\t\t<\/div>\n\t\t\t\t<\/div>\n\t\t\t\t<\/div>\n\t\t\t\t<\/div>\n\t\t<div class=\"elementor-element elementor-element-1d850cf4 e-con-full e-flex e-con e-child\" data-id=\"1d850cf4\" data-element_type=\"container\">\n\t\t\t\t<div class=\"elementor-element elementor-element-718cd175 animated-slow elementor-widget-divider--view-line elementor-invisible elementor-widget elementor-widget-divider\" data-id=\"718cd175\" data-element_type=\"widget\" data-settings=\"{&quot;_animation&quot;:&quot;fadeIn&quot;}\" data-widget_type=\"divider.default\">\n\t\t\t\t<div class=\"elementor-widget-container\">\n\t\t\t\t\t<div class=\"elementor-divider\">\n\t\t\t<span class=\"elementor-divider-separator\">\n\t\t\t\t\t\t<\/span>\n\t\t<\/div>\n\t\t\t\t<\/div>\n\t\t\t\t<\/div>\n\t\t\t\t<div class=\"elementor-element elementor-element-69e35148 elementor-invisible elementor-widget elementor-widget-icon-box\" data-id=\"69e35148\" data-element_type=\"widget\" data-settings=\"{&quot;_animation&quot;:&quot;fadeInUp&quot;,&quot;_animation_delay&quot;:&quot;400&quot;}\" data-widget_type=\"icon-box.default\">\n\t\t\t\t<div class=\"elementor-widget-container\">\n\t\t\t\t\t<div class=\"elementor-icon-box-wrapper\">\n\n\t\t\t\n\t\t\t\t\t\t<div class=\"elementor-icon-box-content\">\n\n\t\t\t\t\t\t\t\t\t<h4 class=\"elementor-icon-box-title\">\n\t\t\t\t\t\t<span  >\n\t\t\t\t\t\t\tR\u00e9solution de conflits\t\t\t\t\t\t<\/span>\n\t\t\t\t\t<\/h4>\n\t\t\t\t\n\t\t\t\t\t\t\t\t\t<p class=\"elementor-icon-box-description\">\n\t\t\t\t\t\tLes d\u00e9saccords et les tensions peuvent parfois survenir entre associ\u00e9s, mais ils ne doivent pas compromettre le fonctionnement de votre entreprise. En tant que m\u00e9diateur neutre et impartial, je suis l\u00e0 pour faciliter la r\u00e9solution constructive des conflits, en favorisant le dialogue ouvert et en explorant des solutions mutuellement b\u00e9n\u00e9fiques. Notre objectif est  alors de transformer les conflits en opportunit\u00e9s et de renforcer les liens.\t\t\t\t\t<\/p>\n\t\t\t\t\n\t\t\t<\/div>\n\t\t\t\n\t\t<\/div>\n\t\t\t\t<\/div>\n\t\t\t\t<\/div>\n\t\t\t\t<\/div>\n\t\t\t\t<\/div>\n\t\t\t\t<\/div>\n\t\t<div class=\"elementor-element elementor-element-fe050f3 e-con-full e-flex e-con e-parent\" data-id=\"fe050f3\" data-element_type=\"container\" data-settings=\"{&quot;background_background&quot;:&quot;classic&quot;}\">\n\t\t<div class=\"elementor-element elementor-element-29a7f6e e-con-full e-flex e-con e-child\" data-id=\"29a7f6e\" data-element_type=\"container\">\n\t\t\t\t<div class=\"elementor-element elementor-element-bf268cb elementor-widget elementor-widget-icon-box\" data-id=\"bf268cb\" data-element_type=\"widget\" data-widget_type=\"icon-box.default\">\n\t\t\t\t<div class=\"elementor-widget-container\">\n\t\t\t\t\t<div class=\"elementor-icon-box-wrapper\">\n\n\t\t\t\n\t\t\t\t\t\t<div class=\"elementor-icon-box-content\">\n\n\t\t\t\t\t\t\t\t\t<h3 class=\"elementor-icon-box-title\">\n\t\t\t\t\t\t<span  >\n\t\t\t\t\t\t\tFormation et d\u00e9veloppement\t\t\t\t\t\t<\/span>\n\t\t\t\t\t<\/h3>\n\t\t\t\t\n\t\t\t\t\t\t\t\t\t<p class=\"elementor-icon-box-description\">\n\t\t\t\t\t\tJe propose \u00e9galement des programmes de formation sur les techniques d'animation pour renforcer vos comp\u00e9tences en communication, en gestion des conflits et en leadership. En investissant dans le d\u00e9veloppement professionnel de vos associ\u00e9s, vous renforcez non seulement la coh\u00e9sion de l'\u00e9quipe, mais vous cr\u00e9ez \u00e9galement un environnement propice \u00e0 l'innovation et \u00e0 la r\u00e9ussite \u00e0 long terme de votre organisation.\t\t\t\t\t<\/p>\n\t\t\t\t\n\t\t\t<\/div>\n\t\t\t\n\t\t<\/div>\n\t\t\t\t<\/div>\n\t\t\t\t<\/div>\n\t\t\t\t<\/div>\n\t\t\t\t<\/div>\n\t\t<div class=\"elementor-element elementor-element-95f5b02 e-flex e-con-boxed e-con e-parent\" data-id=\"95f5b02\" data-element_type=\"container\" data-settings=\"{&quot;background_background&quot;:&quot;gradient&quot;}\">\n\t\t\t\t\t<div class=\"e-con-inner\">\n\t\t\t\t<div class=\"elementor-element elementor-element-f5a3c5d elementor-widget elementor-widget-heading\" data-id=\"f5a3c5d\" data-element_type=\"widget\" data-widget_type=\"heading.default\">\n\t\t\t\t<div class=\"elementor-widget-container\">\n\t\t\t<h2 class=\"elementor-heading-title elementor-size-default\">Ma conviction<\/h2>\t\t<\/div>\n\t\t\t\t<\/div>\n\t\t\t\t<div class=\"elementor-element elementor-element-68d02aa elementor-widget-divider--view-line elementor-widget elementor-widget-divider\" data-id=\"68d02aa\" data-element_type=\"widget\" data-widget_type=\"divider.default\">\n\t\t\t\t<div class=\"elementor-widget-container\">\n\t\t\t\t\t<div class=\"elementor-divider\">\n\t\t\t<span class=\"elementor-divider-separator\">\n\t\t\t\t\t\t<\/span>\n\t\t<\/div>\n\t\t\t\t<\/div>\n\t\t\t\t<\/div>\n\t\t\t\t<div class=\"elementor-element elementor-element-5c2bb03 elementor-widget elementor-widget-heading\" data-id=\"5c2bb03\" data-element_type=\"widget\" data-widget_type=\"heading.default\">\n\t\t\t\t<div class=\"elementor-widget-container\">\n\t\t\t<h2 class=\"elementor-heading-title elementor-size-default\">\u201cSeul on va plus vite, ensemble on va plus loin\"<\/h2>\t\t<\/div>\n\t\t\t\t<\/div>\n\t\t\t\t<div class=\"elementor-element elementor-element-487f561 elementor-widget elementor-widget-text-editor\" data-id=\"487f561\" data-element_type=\"widget\" data-widget_type=\"text-editor.default\">\n\t\t\t\t<div class=\"elementor-widget-container\">\n\t\t\t\t\t\t\t<p>Proverbe africain<\/p>\t\t\t\t\t\t<\/div>\n\t\t\t\t<\/div>\n\t\t\t\t\t<\/div>\n\t\t\t\t<\/div>\n\t\t\t\t<\/div>\n\t\t","protected":false},"excerpt":{"rendered":"<p>Gestion des relations entre associ\u00e9s La relation entre associ\u00e9s est au c\u0153ur de la r\u00e9ussite et de la p\u00e9rennit\u00e9 d&rsquo;une entreprise. Multi associ\u00e9s pendant 30 ans, je partage l&rsquo;importance cruciale de cultiver des liens solides et constructifs entre les membres de votre \u00e9quipe dirigeante. C&rsquo;est pourquoi je propose des services sp\u00e9cialis\u00e9s de gestion des relations&#8230;<\/p>\n","protected":false},"author":1,"featured_media":0,"parent":0,"menu_order":0,"comment_status":"closed","ping_status":"closed","template":"","meta":{"_kad_post_transparent":"","_kad_post_title":"hide","_kad_post_layout":"fullwidth","_kad_post_sidebar_id":"","_kad_post_content_style":"unboxed","_kad_post_vertical_padding":"hide","_kad_post_feature":"hide","_kad_post_feature_position":"","_kad_post_header":false,"_kad_post_footer":false,"footnotes":""},"class_list":["post-452","page","type-page","status-publish","hentry"],"_links":{"self":[{"href":"https:\/\/www.gentleminds.fr\/index.php\/wp-json\/wp\/v2\/pages\/452","targetHints":{"allow":["GET"]}}],"collection":[{"href":"https:\/\/www.gentleminds.fr\/index.php\/wp-json\/wp\/v2\/pages"}],"about":[{"href":"https:\/\/www.gentleminds.fr\/index.php\/wp-json\/wp\/v2\/types\/page"}],"author":[{"embeddable":true,"href":"https:\/\/www.gentleminds.fr\/index.php\/wp-json\/wp\/v2\/users\/1"}],"replies":[{"embeddable":true,"href":"https:\/\/www.gentleminds.fr\/index.php\/wp-json\/wp\/v2\/comments?post=452"}],"version-history":[{"count":85,"href":"https:\/\/www.gentleminds.fr\/index.php\/wp-json\/wp\/v2\/pages\/452\/revisions"}],"predecessor-version":[{"id":1930,"href":"https:\/\/www.gentleminds.fr\/index.php\/wp-json\/wp\/v2\/pages\/452\/revisions\/1930"}],"wp:attachment":[{"href":"https:\/\/www.gentleminds.fr\/index.php\/wp-json\/wp\/v2\/media?parent=452"}],"curies":[{"name":"wp","href":"https:\/\/api.w.org\/{rel}","templated":true}]}}